) + -26 + -11?
-26
-3306 - -3297 - (6 - (-1 + -1))
-17
What is the value of 10 + (8 - 21 - -1) - 6 - 30?
-38
Evaluate 15 + (6 - 9) + 2.
14
Evaluate (6 - (-12 - (-2 + 2))) + -7.
11
Evaluate 4 + -12 + -7 + (-1 - -11 - 2).
-7
What is (-8 - (-2 - 11)) + (-1 - -2)?
6
Calculate -13 + -13 + 21 + 14.
9
What is (5 - -1) + (-548 - -521)?
-21
What is 7 + (0 + -5 - -3 - -2) - -9?
16
What is 25 + -3 + -13 + (-7 - (1 - 14))?
15
Evaluate (-85 - -75) + (2 + -5 - 2).
-15
Evaluate (1 - -13) + 6 + 1 + (-16 - -6).
11
Calculate -26 - -1 - (-545 - -529).
-9
(3 - (-7 - -6) - (5 - 0)) + 6
5
(6 - (-2 - (6 - 14))) + 8 + -15
-7
What is (2 - (3 + 1)) + 9 + (-39 - -19)?
-13
What is (3 - 9) + (-3 - -7) + -6 - -36?
28
Calculate -14 + (-10 - -5 - -9).
-10
What is 3 + -6 + (-29 - -22) + 7 + 0?
-3
What is the value of 1 - -31 - (-42 + 24 + -2 - -25)?
27
What is the value of (4 - -11) + -9 + -2 + 6?
10
What is (4 - (-1 + 9)) + (6 - (3 + -4))?
3
Evaluate 1 - 0 - -4 - (-3 - -14).
-6
Calculate 8 - ((-4 - (-4 + -6 - -4)) + 20).
-14
-35 - (3 - (40 - 36))
-34
Evaluate 19 - (26 - 13) - (2 + 7).
-3
(-71 - -57) + (1 - -27)
14
Evaluate -9 + 9 - (1 - -4 - 3).
-2
Calculate 2 - (-7 - -19) - (-3 - -2).
-9
What is the value of -19 - 0 - (603 + -617)?
-5
1 - -14 - (7 + (11 - (36 + -17)))
16
Evaluate 0 + 17 - (20 + -18).
15
What is -17 + (15 - -24 - 19)?
3
What is (-15 - -12) + 3 + -1 + (6 - -13)?
18
Calculate -3 - ((-1 - -8) + 7) - (-5 + 0).
-12
-6 + -8 + -31 + 53
8
Calculate -8 + -3 + 11 + -13 + 11.
-2
What is -19 + 41 - -12 - 11?
23
What is the value of (4 - (20 - (6 + 3))) + -16?
-23
(13 - -30) + -28 - 35
-20
What is the value of -8 + (-14 - -14) + (2 - 2) - -13?
5
10 - (-15 - (-14 + -19))
-8
Evaluate (5 - 7 - (0 - 1)) + (10 - 17).
-8
Calculate -12 + 0 + -1 - (166 + -146).
-33
Evaluate (-4 - -9 - 1) + -12 + 28.
20
Evaluate -4 + 12 - ((1 - 10) + 17).
0
Evaluate 14 - 7 - (21 - 2 - 0).
-12
What is the value of -1 + -1 + -85 + 83 + 9?
5
16 - 16 - (-1 - -10)
-9
What is -3 + (1 - (-21 + 7)) - (-3 - -5)?
10
Calculate (-24 + -70 - -81) + (-14 - 0).
-27
Evaluate -59 - -68 - (-13 + 42).
-20
Calculate (-2 - 15) + -14 - (-2 + (-14 - -7)).
-22
Evaluate -1 + 0 + 1 + -2 + -9.
-11
What is -2 + 1 + -4 - (-2 + -12 + 20)?
-11
Evaluate -31 - (-41 - -52) - -12.
-30
62 + -56 - ((-2 + 0 - -2) + -1)
7
-69 + (-39 + 103 - 24)
-29
Calculate (-1 - -6 - -2) + -13 - 7.
-13
4104 - 4120 - (12 - 1 - 1)
-26
What is the value of 15 + 8 + -15 + 7 + -8?
7
Calculate -11 - (7 - 7) - -10.
-1
0 + (4 - 4) + (-8 - (7 + -20))
5
Evaluate 0 + (0 - 3) + 74 + -63 - -3.
11
What is the value of 4 - 10 - -10 - (-13 + 7 + 2)?
8
2 + -5 - (55 - 58) - (-7 + 0)
7
(0 - (1 - -2) - (-103 + 95)) + 18
23
Calculate 1 + 19 - (9 - (-1 + -4 + 5)).
11
What is the value of -21 - (3 - -12 - (31 - (24 - 4)))?
-25
What is -7 - ((-7 - -19 - 34) + (-2 - 0))?
17
What is -4 - 2 - -3 - (15 + -26)?
8
(-17 - -22) + -2 + (-7 - 1)
-5
What is the value of (-1 + -3 - (148 - 153)) + -2?
-1
What is -2 + (-17 - -16) + -1?
-4
Evaluate (267 - 288) + (-1 - -32) + (-3 - -1).
8
16 + (30 - (-6 + 75))
-23
1 - -10 - (16 + -2 + -5 - 9)
11
0 - -9 - (295 - 297)
11
Calculate (17 - 35) + 22 - (-1 - 4).
9
29 + -16 - 14 - 20
-21
Evaluate 10 + 13 + 13 + -21 + 3.
18
What is 4 + (16 - 8) + -27?
-15
What is the value of -19 - (16 - 16 - 15)?
-4
(1 - 1 - -1) + 423 + -425
-1
2 + (1 - -11) + -36
-22
(542 - 538) + (-1 - 11)
-8
Evaluate -44 - (27 - 1 - 52).
-18
What is the value of 11 + (-10 - 8) + (2 - 15)?
-20
Calculate (-2 - -13) + 8 - 5.
14
(10 - (7 - 5)) + 1
9
Calculate -3 - (-1 + 1) - (-51 - -21 - -22).
5
Calculate 3 + (3 - 12 - 2).
-8
What is the value of (-15 - (-14 + -14)) + -2 + -1 - -5?
15
Evaluate 27 + (-27 + 54 - 83).
-29
Calculate 27 + 7 + (-4 - 5).
25
What is -13 + ((-5 - 3) + 3 - -4 - -4)?
-10
What is the value of 1 + (-18 + -8 - -16)?
-9
What is the value of 15 + 1 + -10 + (23 - 18)?
11
What is the value of 62 + -93 + (-1 - -1)?
-31
Evaluate -12 - ((5 - 18) + 8).
-7
Evaluate -19 + 29 + -12 - -3.
1
What is 0 + (8 - -7) + -3 - (0 + 1)?
11
Calculate 30 + -12 + -7 - (5 - -5).
1
Calculate 3 - (-11 + (37 - (-1 + 1))).
-23
What is (-15 - 0) + 16 + -6 + -4?
-9
What is -5 - -4 - -13 - (-2 + (-4 - -3))?
15
What is the value of -56 - -57 - (12 - 0)?
-11
What is 7 + -2 + -4 + 2 - (32 + -35)?
6
What is the value of -8 + -25 - (-23 + -2)?
-8
What is 41 + 17 + (30 - 106)?
-18
Evaluate 0 + (-4 + -3 - -25 - 7).
11
What is 0 + 1 + (26 - 29) - 3?
-5
13 + (15 - 20) + 9
17
Evaluate 14 + -32 + -3 + 12 - -10.
1
Calculate -2 + (-1 - 12) + 0 + -3.
-18
What is -6 + 3 + 7 + -7 - -7?
4
Evaluate -9 + 43 + 7 + -23 - 41.
-23
Evaluate 22 - (-27 - (-22 - -6)).
33
Evaluate -3 - (-2 - 16) - ((10 - 5) + 4).
6
What is the value of ((-6 - -1) + 6 - 8) + 5?
-2
-24 + -11 + (-19 - -49)
-5
Evaluate 20 - (7 + 10 + 4 + -30 + 8).
21
14 + -13 + -27 - -4
-22
What is the value of 3 + (0 - (-9 + 5) - 8) - 8?
-9
54 + (31 - (32 - -23))
30
What is -11 - (-6 - ((-10 - -5) + -1 + 2))?
-9
What is -6 + (5 - (-4 - 5)) + -11?
-3
What is (0 - 0 - (21 + -15)) + -3?
-9
23 + -19 + (-13 - 0) - (44 + -70)
17
What is the value of 0 - 6 - (580 + -568)?
-18
Calculate -7 - -7 - -26 - 35.
-9
(6 - (5 - 1)) + (0 - -5)
7
Calculate 4 + 36 + -34 + (-2 - (4 + 2)).
-2
-9 + -4 - (20 - 25)
-8
Evaluate -1 + -5 + 2 + (-28 - -23).
-9
What is (0 - (18 + (-18 - -1))) + -17?
-18
What is the value of (5 + -33 - -16) + 15?
3
10 - (4 + 3 - 4)
7
What is 47 + 1 + -203 + 179?
24
Calculate 12 + (5 - (-3 - -1)) + -11.
8
Calculate -145 + 125 + (0 - (1 - 4)) + 7.
-10
What is the value of -2 - 8 - (63 + -51)?
-22
Calculate -183 + 208 - (0 - ((-2 - 0) + 0)).
23
(-1 - -1) + -4 - (-15 - (-12 - 3))
-4
What is the value of (9 - (21 - 13)) + 0 + -3?
-2
Evaluate 21 - (-6 + 29 - 3) - (-9 + 0).
10
-6 - (-5 - 4 - -1)
2
-16 - (35 + -12 + -9)
-30
What is the value of -25 + 27 - 0 - -8?
10
-34 + (49 - (28 - 21))
8
5 + (9 - 31 - -5) - -13
1
What is the value of -45 + 53 - (7 + -2) - -10?
13
Calculate 11 - (27 - 14) - 11.
-13
Calculate -41 - (2 - (-21 - -12 - -7 - -8)).
-37
Calculate 6 - 17 - -4 - -7 - 11.
-11
What is 21 + (0 - 2) + 293 + -297?
15
Calculate (-104 - -102) + (11 - -1) - (-2 - -2).
10
-3 - ((6 - 7) + 6 - 1)
-7
Evaluate -13 + 31 + -11 + -12.
-5
What is the value of -1 + -3 + 20 + 6 + (-15 - -6)?
13
What is 8 - (11 - 0) - (17 + -23)?
3
Evaluate (-2 + (8 + -6 - -6) - 4) + 5.
7
What is the value of -12 - (-8 + 0 - (194 + -207))?
-17
What is -13 - -49 - (5 - (-18 - -8))?
21
What is 35 - (9 + -45 + 74)?
-3
Calculate 14 - ((3 - -10) + 3) - -1.
-1
-2 + (4 + -10 - ((-6 - -4) + -1))
-5
Evaluate 11 + -3 + (-128 - -125) + (1 - -2).
8
Evaluate 306 + -277 - (15 - -1).
13
Evaluate -32 - (23 + -22 - 44).
11
What is 4 - (-9 + -6 + 10 - (-7 + 2))?
4
Evaluate -8 - ((-1 - (-5 - -8)) + 9).
-13
What is the value of 56 + -16 + -21 + 2 + -5?
16
What is (-3 + -4 - (-10 - (-7 - -2))) + -21?
-23
Evaluate -13 - (-9 - 5 - -8).
-7
Calculate 9 - (114 + -114 - (-18 - (0 - -1))).
-10
What is 32 + (43 + -42 - (7 - 3))?
29
Evaluate 20 + 1 + -33 + 19.
7
Calculate -6 + (2 + -1 - 3) - (-621 - -621).
-8
Evaluate -5 - (-20 + 26) - 0.
-11
What is the value of (3 - (9 + 3) - -17) + 9?
17
-11 + 8 + -5 + 20 + -11
1
Evaluate 1 - 2 - (23 + 34 + -61).
3
What is -6 + (23 - (-2 + 8)) + -4?
7
-9 - (9 - 9 - 21)
12
What is (-4 - (-3 - -1)) + -5 + 3 + 12?
8
What is 17 + -2 + 7 + -7 + -7?
8
Calculate 16 - (5 + (-16 - -8) - -42).
-23
What is the value of -6 + (3 - 26) + 26?
-3
Evaluate 8 + (3 - 6 - 0).
5
-4 + (-1 - 5) - (-1 + 1 + -2)
-8
What is -10 - (9 + -5 + (6 - 13))?
-7
Calculate 1 - (-6 + (-1 - -1) + (3 - -1)).
3
Evaluate 7 + -4 + -7 - 7.
-11
What is -16 + -13 + 14 - (-5 + 10)?
-20
Calculate 5 + -2 + 7 + 717 + -738.
-11
What is the value of (42 - 93) + 43 + 32?
24
What is 14 - (-18 + 10) - 7?
15
Evaluate -4 + -46 + 0 + 20.
-30
Evaluate (3 - -3) + 5 + 0 + -6 + 0.
5
41 - ((32 - 25) + 7)
27
What is (-3 + -8 - -2) + -15 + 8?
-16
4 - 1 - (3 + 23 + (12 - 22))
-13
Calculate -1 - (-14 + (-7 - -19) + -5).
6
What is (39 - 1) + (-4 - -6) - 10?
30
Evaluate (6 - -29) + -50 - -30.
15
Evaluate 14 - 30 - (7 + (2 - 10)).
-15
Calculate -34 + (2 + -1 + -10 - -12) - -5.
-26
-3 + -11 - -3 - (-7 + 11 - 6)
-9
(2 - -30) + (385 - 415)
2
What is the value of (6 - 7) + 2 - (3 + (-10 - -4))?
4
Calculate (11 - (-7 + 6 + 9)) + -9.
-6
What is the v